9. Suppose 2*t = -p*l + 310, -175 - 171 = -2*t + 5*l. Is t a prime number?
True
Let q(l) = 2*l + 2. Let a be q(-4). Let n be ((-50)/(-4))/(a/(-24)). Is ((-5)/(-2))/(5/n) composite?
True
Suppose 0*z - 3*z + 897 = 0. Is z prime?
False
Let s(b) = -b + 293. Let h be s(0). Suppose -3*x + 2*x + h = 0. Is x a composite number?
False
Let h(u) be the second derivative of 13*u**4/3 + u**3/6 + 4*u. Is h(1) prime?
True
Let t be (1*4)/(2/150). Suppose -18 = 2*d - t. Is d prime?
False
Suppose 3 = -3*c, m - 2*c + 16 - 56 = 0. Is m/6 - 2/6 a prime number?
False
Let w(m) = -33*m + 5. Let z(i) = -i**2 - 6*i - 6. Let p be z(-6). Is w(p) a composite number?
True
Suppose 5*h = 8*h - 2586. Is h a prime number?
False
Suppose 3*h = -3*c + 8*h + 19, -5*h + 5 = 5*c. Is (85/c)/(1/3) a prime number?
False
Let k = -1 + 8. Let j(m) = m**3 - 3*m**2 + k + 0 - m**2 + 7*m. Is j(6) a prime number?
False
Let c(n) = 3*n**3 - 2*n**2 - 2*n - 3. Is c(4) a prime number?
True
Let a(z) be the first derivative of z**3 - 4*z - 2. Let l be a(4). Let j = -11 + l. Is j prime?
False
Suppose -t - 213 = -4*u - 0*t, 0 = -5*u + 2*t + 267. Is u a prime number?
True
Let i(g) = 4*g**2 - 2*g - 37. Is i(-33) prime?
False
Let h be 4/(-16) + (-55)/4. Let i be (-4)/h + 246/21. Suppose c - i = -c. Is c a prime number?
False
Is 21600/14 + (-9)/(-63) prime?
True
Let b = 22 - 18. Suppose 5*m - 2*k = 609, 0*m + b*k = -3*m + 355. Is m a prime number?
False
Suppose -3*f - w + 3*w + 158 = 0, f - 5*w = 31. Suppose -4*c = 4*h - f, -5*c + 3*c + 3*h = -28. Is c a composite number?
True
Suppose -a = -5*a + 4*p + 32, 2*a - 22 = -p. Suppose -121 = -3*n - a. Is n prime?
True
Suppose 98 + 152 = w. Suppose -4*f = f + w. Is (-1)/((-48)/f - 1) a composite number?
True
Let l(j) be the third derivative of j**5/30 - j**4/4 + j**3/6 + 12*j**2. Let m = 14 - 8. Is l(m) a composite number?
False
Let m(v) = -v**2 - 10*v - 11. Is m(-6) a prime number?
True
Let d(o) be the third derivative of -o**6/60 - o**5/20 + o**4/8 + o**3/6 - o**2. Let h(q) = 2*q - 1. Let x be h(-1). Is d(x) composite?
False
Is (-28)/98 + (-3518)/(-14) a prime number?
True
Let u(m) = 4*m**2 - 8*m + 1. Is u(11) prime?
True
Let z = 3 + -7. Is (-1 - -3)*(-586)/z prime?
True
Suppose 541 = 29*q - 28*q. Is q a composite number?
False
Let r = -14 + 24. Let g be ((-5)/r)/(1/252). Let m = g + 191. Is m composite?
True
Let z be 1 - (-2 + 2 + -3). Suppose 2*r - 117 = a + 56, 0 = -5*r - z*a + 465. Is r prime?
True
Let o(p) = p**2 - 4*p + 10. Let l(f) = f**2 - 3*f + 3. Let t be l(4). Is o(t) composite?
False
Suppose g = 5*b + 4 + 5, -4*b = 5*g + 42. Let k = 9 + g. Suppose -p = 5*y - 483, -4*y + k*p + 608 = 214. Is y a composite number?
False
Let l be (-18)/((-57)/63 - -1). Let q = l + 266. Is q a composite number?
True
Let a(z) = z + 7. Is a(6) a prime number?
True
Let i = -475 + 690. Let r = 328 - i. Is r composite?
False
Suppose -2*t - 5*d + 4*d = -11, 2*t + 2*d - 16 = 0. Suppose t = -2*w + 9. Is w a prime number?
True
Suppose -3*h + 5*h - 20 = 0. Let a be ((-4)/h)/((-2)/50). Suppose 2*o + a = 2*j, -j - 4*o = -o - 1. Is j a composite number?
True
Suppose 19 = 3*v - 2*m + 2, 5*m + 8 = -4*v. Suppose 8*i - v*i = j - 34, 3*i = -9. Is j prime?
True
Let r = -3 - -6. Let t = 3 + -3. Suppose -3*g = r*n - 90, t = -2*n + n - 2*g + 35. Is n a composite number?
True
Let m be 0/((0 - 0) + 2). Suppose m = -4*l - 8, 0*l + 1029 = 5*n - 2*l. Is n a composite number?
True
Suppose n + n = 2. Let f = 3 - n. Suppose -f*x - 113 = -5*u - 36, -u = 2*x - 13. Is u prime?
False
Let t(g) = -g**2 + 2*g**2 + 0*g**3 + 2 + g**3. Let w be t(-2). Is (w/5)/((-1)/25) a prime number?
False
Is 4*(1407/12 - 3) prime?
True
Suppose 2*a + 45 + 23 = 0. Let g = 161 + a. Is g a composite number?
False
Suppose -2*t + 2*p = 2*t - 84, 2*p = 2*t - 44. Let y = t - 10. Suppose -25 = -n - y. Is n a prime number?
False
Let a(h) be the second derivative of -h**5/20 + h**4/3 - 2*h**3/3 + 3*h**2/2 + h. Let s be a(2). Suppose -s*k = -k - 26. Is k prime?
True
Let g be 1*2*54/12. Let d = g + -5. Suppose 0 = -2*y - 0*y + 3*a + 670, -1324 = -d*y + 2*a. Is y a prime number?
False
Let r(k) = 178*k - 52. Is r(11) a prime number?
False
Suppose 2*g + 0*g - 6 = 0. Suppose 4 = b, 29 = -4*m + 2*b - g. Is (52/12)/((-2)/m) prime?
True
Let y be ((-14)/8)/(3/204). Suppose -u + 4 = 0, 2*g + 3*g + 3*u + 198 = 0. Let r = g - y. Is r a prime number?
False
Let l = 5 - 3. Suppose -l*a - 4*f + 464 = a, 3*a = -5*f + 460. Suppose -3*m + a = h - 450, -5*h = -4*m + 845. Is m a prime number?
False
Let p = -11 - -23. Suppose 4*w = -0*w + p. Suppose 0 = 5*m - 4*j - j - 115, -m = -w*j - 31. Is m prime?
True
Let r = -5 + 6. Is 262/8 + r/4 composite?
True
Let i be (5 - 5)/(0 + -1). Let g(d) = d + 257. Is g(i) prime?
True
Let a(v) = -22*v**3 + v + 1. Let s be a(-1). Suppose 2*o = -0*o + s. Is o composite?
False
Let z = 137 - 84. Is z a prime number?
True
Let z be 2 + 1*-2 + 1. Suppose 2*t = -q + 2, 5*t - q - z = 18. Suppose 5*y - 4*w - 109 = 0, t*y + 5*w = 2*w + 87. Is y a prime number?
False
Let b be (-10)/2*(5 + -4). Let l = 3 + b. Let q(i) = 20*i**2 - 1. Is q(l) a composite number?
False
Let h = -159 + 364. Is h a prime number?
False
Let k(m) = -120*m + 5. Let n be k(-7). Suppose 2*r - 427 = 5*g, -4*r + 2*g = g - n. Is r a prime number?
True
Suppose y + 3*m - 483 = -97, y = -5*m + 384. Is y a prime number?
True
Let j(w) = -5 + w - 4 - 4*w. Let q(n) = -n - 1. Let r(o) = j(o) - 4*q(o). Is r(12) a prime number?
True
Suppose -5*u - 580 = 730. Let j = u + 473. Is j prime?
True
Let w(n) = n**2 + 4*n - 1. Let b be w(-5). Suppose -5*c - 523 = -b*o, 5*o - 647 = 3*c + c. Is o a composite number?
False
Let a(d) = d**3 + 4*d**2 - 2*d - 6. Let t be a(-4). Suppose -1064 = -4*l - 2*w, -2*w = 2*l - 43 - 487. Suppose h + t*h = l. Is h a prime number?
True
Suppose -r = r + 4. Is ((-148)/(-12))/(r/(-6)) composite?
False
Let s(k) = 4*k**2 - 9*k - 7. Is s(-6) composite?
False
Suppose 4*m + 4 = 20. Let u(d) = d**2 + 6*d - 6. Is u(m) composite?
True
Let n(w) = 9*w**2 + 29*w + 21. Let k(m) = -6*m**2 - 19*m - 14. Let t(d) = -8*k(d) - 5*n(d). Suppose 0 = 4*b + b + 15, -3*v = -b + 12. Is t(v) prime?
True
Let y = 209 + -78. Is y a prime number?
True
Let r(g) = 2*g - 2. Let p be r(3). Suppose -5*d + 2*l + 52 = 0, 0 = -p*d - 2*l - 3*l + 68. Is -4*((-105)/d + 0) prime?
False
Let u(q) be the second derivative of -q**5/10 + q**4/12 + q**3/3 - q**2 + q. Is u(-3) a composite number?
True
Let l(y) = -2*y + 6 + 9*y**2 - y**2 - y**3 + 6. Let o be l(8). Is (-1 - (o - -2)) + 82 composite?
False
Is (3/(-5 - 1))/(10/(-1160)) a prime number?
False
Suppose 5*s = 6*s - 47. Suppose -s = -4*b + 1005. Is b a prime number?
True
Let k(y) be the first derivative of y**5/20 + y**4/12 + y**3/3 - y**2 - 1. Let n(c) be the second derivative of k(c). Is n(-3) a prime number?
True
Let b = 156 + 109. Suppose 4*l + 5*m - 212 = 0, -l - 3*m = 4*l - b. Is l prime?
True
Let k = 2 - 6. Is (2 - -2)*(-14)/k prime?
False
Suppose -z = 4*l + 3*z - 40, 3*z - 18 = -l. Let o be (l/(-1))/(0 - -1). Is 0/(o/(-3)) - -7 prime?
True
Let t(j) = j**3 - j**2 - 6*j + 5. Let f be t(3). Suppose 3*x - 1398 = -3*u, -4*x = -f*u + 902 + 1455. Is u a composite number?
True
Suppose 94*d - 2321 = 93*d. Is d prime?
False
Suppose 0 = -q + 166 + 45. Is q composite?
False
Let p = 4064 - 2809. Suppose -2*m + 7*m = p. Is m composite?
False
Let g be (0/1)/(-2) + 6. Suppose g = z + z. Let b(t) = t**3 - 2*t**2 - 2*t + 4. Is b(z) a composite number?
False
Suppose 0 = 6*s - 3*s - 15. Let k = 3 + 0. Suppose -r + 27 = t + k*t, -181 = -s*r + 3*t. Is r a composite number?
True
Let h(a) be the third derivative of 5*a**4/8 - a**3/3 - a**2. Is h(3) composite?
False
Let o(t) = -2*t - 9. Let j be o(-6). Suppose j = -q + 116. Is q composite?
False
Let u(d) = d**2 + 4*d - 10. Let o be u(-6). Suppose z = p - 156, -4*p + o*z + z = -626. Is p composite?
True
Let i(v) = -v**2 - 1. Let m be i(0). Let o(l) be the third derivative of -13*l**6/120 + l**5/60 - l**4/24 - l**3/6 + l**2. Is o(m) a composite number?
True
Suppose 4*i + 127 = p, 0*p + p = 3*i + 126. Suppose -6*x + p = -3*x. Let a = x + -20. Is a prime?
False
Let o(w) = -w**3 - 2*w**2 + 7*w + 5. Let h be o(-5). Let s = h - 8. Is s prime?
True
Suppose x + 5 = -0*v - 2*v, -v - x - 5 = 0. Is (v - (-114)/(-9))*-3 a c